 of f and o?
7
Let y(i) = 3*i**2 + 6*i. Let x be y(-4). What is the greatest common divisor of 16 and x?
8
Suppose d = 3*l + 2, -2*d + 0*d + 10 = -4*l. Suppose -5*u + 4 = -d. Calculate the highest common divisor of u and 9.
3
Let h be 20/(-16)*(-6 - 2/(-1)). What is the highest common factor of h and 20?
5
Let y(b) = -9*b + 18. Let x(r) = -r + 1. Let t(m) = 18*x(m) - y(m). Let w be t(-2). Calculate the highest common divisor of w and 27.
9
Let f = 134 - 126. What is the greatest common divisor of 3 and f?
1
Let i(k) = k + 5. Let w be i(0). Calculate the highest common divisor of w and 1.
1
Let h = -135 - -288. What is the greatest common divisor of 17 and h?
17
Let n(u) = u**3 - 12*u**2 - u + 16. Let l be n(12). What is the greatest common factor of l and 16?
4
Let r(a) = -a**3 - 5*a**2 - 5*a - 4. Let h be r(-4). Suppose -20 = 5*s - 5*l, -5*s - 3*l + 20 = -h*s. Calculate the highest common divisor of s and 2.
1
Suppose 6*y - y - 245 = -5*v, -5*y - 91 = -2*v. What is the greatest common divisor of v and 6?
6
Let n be (-12)/(-5) + (-4)/10. Suppose 4*b - n*b = 20. Suppose c + 13 = 4*g, -c = -g + 3*g - 11. Calculate the greatest common divisor of b and g.
2
Let d(a) = -3*a**3 + 2*a**2 - 2*a + 1. Let w = -1 + 4. Let t be d(w). Let x = t - -108. Calculate the greatest common factor of x and 5.
5
Let f(c) = 9*c - 8. Let a be f(1). Suppose 5*p - 36 = 3*b + 13, 3*p + b - 21 = 0. Calculate the greatest common divisor of a and p.
1
Let i(o) = 2*o**2. Let s be i(-4). Calculate the greatest common factor of 48 and s.
16
Suppose -3*m + 24 = 3*f, 8*m - 3*m = 4*f - 50. What is the highest common factor of 30 and f?
10
Let n = 166 - 118. Let s = n - 24. Let w be (6/4)/(12/24). Calculate the highest common divisor of w and s.
3
Suppose 18 - 5 = b. What is the highest common factor of b and 26?
13
Let g(z) = -14*z**3 - z**2 - z + 1. Let x be g(1). Let o be (-1 - -3)*1 - x. Let w = -12 + o. Calculate the highest common factor of w and 25.
5
Let i(u) = 3*u - 7*u - 5*u. Suppose -3*n + 2*n - 5 = 0. Let t be i(n). What is the greatest common factor of t and 9?
9
Let t(y) = y - 1. Let g be t(1). Suppose 3*x - 15 - 18 = g. Let n(o) = o**2 - 7*o + 4. Let a be n(9). Calculate the greatest common divisor of a and x.
11
Let u(s) = s**2 - 20*s + 24. Let c be u(19). What is the greatest common factor of 40 and c?
5
Let t = 6 - 7. Let n(p) = -p**2 - p - 16. Let l be n(0). Let o = t - l. Calculate the highest common divisor of o and 90.
15
Let y(i) = 8*i**2 - i. Let u be y(-1). Let c(r) = r**2 - 11*r + 9. Let t be c(11). What is the highest common divisor of u and t?
9
Let z be (3/2)/(3/104). Suppose 0 = -4*g + z + 8. What is the greatest common factor of g and 75?
15
Let n(b) = -b**3 + 5*b**2 + 7*b - 4. Let i be n(6). Suppose 2 = i*l - 0*l. Let u be (-1)/l*-9 + 3. What is the greatest common divisor of 84 and u?
12
Suppose -80 + 320 = 2*j - 4*w, -5*w + 428 = 4*j. Let i(u) = u**2 + u + 14. Let q be i(0). Calculate the highest common factor of j and q.
14
Let x(b) = b**3 + 2*b - 3. Let k be x(2). Let w(l) = -l**2 + 8*l + 8. Let a be w(k). Let j be (a + 97)/(6 + -5). What is the highest common factor of 12 and j?
12
Let t = 3 + -1. Let s(h) = h**3 - 6*h**2 + 8*h - 6. Let f be s(5). Suppose -19 = -2*j + f. What is the greatest common factor of j and t?
2
Suppose -5*u + 14 + 6 = 5*a, 0 = -u. Suppose 0 = -a*w + w + 99. Suppose 4 - 1 = z. Calculate the highest common factor of w and z.
3
Suppose -b = -6*b + 3*q + 411, 3*b - 243 = 3*q. Suppose 0 = -0*h - h + 1. Let o = 22 - h. What is the greatest common divisor of b and o?
21
Let r be (2*3/6)/(-1). Let f be (r/3)/(6/(-54)). Calculate the greatest common divisor of f and 27.
3
Suppose -t = -6*t + 5*w - 135, 45 = -2*t - w. Let y = t - -115. Suppose 0 = -3*c - 24 + 63. Calculate the greatest common divisor of y and c.
13
Let i be (1 + (-8)/(-6))*6. Calculate the highest common factor of 126 and i.
14
Let p(a) = a - 4*a + 1 - a. Let l be p(-2). Let w be 351/(-13)*(2 + (-2 - 1)). What is the highest common factor of w and l?
9
Suppose 6 = -2*r + 46. Calculate the greatest common factor of r and 10.
10
Let k = -2 + 9. Let p(m) = m**3 - 6*m**2 + 5*m + 6. Let a be p(k). Let n(g) = -9*g + 1. Let o be n(-1). What is the highest common divisor of a and o?
10
Let m = -6 + 4. Let t be -35*(4 - 2)/m. What is the highest common divisor of t and 7?
7
Let g(k) be the second derivative of k**5/10 - 2*k**4/3 + 5*k**3/6 - 3*k**2/2 - k. Let z = 13 - 8. Let p be g(z). What is the greatest common factor of p and 9?
9
Let x = 18 + -9. Let h(b) = 13*b + 6. Let u be h(12). Suppose 4*j = 2*j + u. Calculate the highest common divisor of x and j.
9
Suppose 2*l - 3*l + 3 = 0. Suppose v = -l*v + 40. Calculate the highest common factor of v and 25.
5
Let j = -9 + 8. Let o be j/3 - 276/(-18). Calculate the highest common factor of o and 6.
3
Suppose -7 = 4*v - 3*m, -5*v - 4*m = m - 35. Suppose 0 = v*p + 4*f - 44, 3*f - 76 = -5*p + 6. What is the highest common factor of p and 112?
14
Suppose 176 = -4*m + 8*m. Let x be (-9)/(-2)*m/33. What is the highest common divisor of 48 and x?
6
Let c = -66 + 31. Suppose 2*l - 19 - 92 = b, 0 = 5*l - 4*b - 285. Let r = l - c. Calculate the greatest common divisor of r and 22.
22
Suppose 4*p - p - 88 = -k, 66 = 2*p - 3*k. Calculate the greatest common factor of p and 105.
15
Let v(a) = -3*a - 11. Let q be v(-5). What is the highest common divisor of q and 16?
4
Let y(c) = 4*c**2 - 5*c + 4. Let j be y(2). Calculate the highest common factor of j and 50.
10
Suppose -76 = -d + 5*s, 0 = -5*d - 2*s + 4*s + 288. Calculate the greatest common divisor of 7 and d.
7
Let z be 16/10 + 8/20. Let p be z/6 - (-11)/3. Let g be -24*((-10)/p - -2). Calculate the greatest common divisor of g and 12.
12
Let x(t) = -2*t + 3*t - 4 + t**2 - 2*t. Let y be x(3). Let q be (11/y)/((-2)/(-12)). Calculate the greatest common divisor of q and 3.
3
Let j(g) = 2*g - 12. Let v be j(12). Calculate the highest common divisor of v and 84.
12
Let r(h) = 3*h - 8*h + 5*h - 6 + h. Let t be r(11). What is the highest common factor of t and 35?
5
Let y be (40/(-1))/(-4) - 2. Suppose p - 1 = y. What is the greatest common factor of p and 99?
9
Suppose 6*r + 12 = 156. Let p = r - 18. What is the greatest common divisor of p and 48?
6
Let x = -2 - -12. Suppose -3*r + 384 = 3*q, -2*q = -q - 3*r - 120. Suppose -3*y + 396 - q = 0. What is the greatest common divisor of y and x?
10
Let s = 3 - -1. Suppose z - 4 = -f, 6*z + 12 = 3*f + z. Calculate the highest common divisor of s and f.
4
Let x = 27 - 23. Calculate the greatest common divisor of x and 16.
4
Let j(a) = 2*a - 6. Let s be j(4). Suppose n + 5*w - 30 = 0, -2*w = -s - 8. Calculate the highest common factor of n and 50.
5
Let j = 1 - 0. Let c = 1 + -1. Let z be j*(13 - (1 - c)). Calculate the greatest common factor of z and 84.
12
Let w(k) = k**3 + 7*k**2 + 3*k - 2. Let m be w(-5). What is the greatest common divisor of m and 22?
11
Let r(x) = -3*x**3 - 3*x**2 + 3*x - 3. Let s be r(-3). What is the greatest common factor of 105 and s?
21
Let i(j) = 2*j - 8. Let q be i(4). Suppose 4*f + 3*p - 84 = q, 5*f + 4*p - 17 = 88. What is the greatest common factor of 168 and f?
21
Let c be ((-8)/10 + 2)*60. Suppose -v + 5*v = 240. Suppose 4*b = -b + v. What is the greatest common factor of c and b?
12
Let u(t) = -4*t + 209. Let q be u(0). What is the greatest common divisor of q and 19?
19
Suppose -j + 5*y = j - 331, -4*y - 332 = -2*j. Calculate the greatest common divisor of j and 24.
24
Let j be (-1)/(-3) - 30/(-18). Let i(b) = 7*b - 5. Let u be i(j). Calculate the greatest common factor of 36 and u.
9
Let r = -120 + 162. Calculate the highest common factor of 14 and r.
14
Let y(w) = w**3 + 6*w**2 + 6*w + 6. Let z be y(-4). Calculate the greatest common divisor of 154 and z.
14
Let t = 10 + -4. Let a be (-2)/4 - (-45)/t. Calculate the greatest common factor of 49 and a.
7
Suppose -w + 25 = 1. Calculate the highest common factor of w and 192.
24
Let p(r) = r**2 - 4*r - 11. Let v be p(8). What is the highest common divisor of 3 and v?
3
Let o(b) = -4*b + 262 - 265 + 3*b. Suppose 20 = -5*k - 5*z, 2*k + k = 4*z - 19. Let w be o(k). Calculate the highest common factor of 14 and w.
2
Let g = 4 - 1. Let m(n) = n**3 + 4*n + 1. Le